{"id":370,"date":"2017-04-26T13:30:15","date_gmt":"2017-04-26T11:30:15","guid":{"rendered":"http:\/\/wp11159761.server-he.de\/vtheater\/?page_id=370"},"modified":"2018-04-06T11:21:26","modified_gmt":"2018-04-06T09:21:26","slug":"der-geisterseher","status":"publish","type":"page","link":"http:\/\/wp11159761.server-he.de\/vtheater\/de\/der-geisterseher\/","title":{"rendered":"Der Geisterseher"},"content":{"rendered":"<p>Auf den\u00a0Schillertagen 2017 in Mannheim und dem\u00a0Kunstfest Weimar\u00a0zeigten wir unsere Produktion &#8218;Der Geisterseher&#8216; nach Friedrich Schiller. Ein voller Erfolg mit \u00fcber 450 Zuschauern.<\/p>\n<p><strong>Regie<\/strong>: Branko Janack<br \/>\n<strong>B\u00fchne\/Kost\u00fcm<\/strong>: Klara Mand<br \/>\n<strong>Dramaturgie<\/strong>: Bastian Bo\u00df<\/p>\n<p><strong>Mit<\/strong>:\u00a0Hannah M\u00fcller, David M\u00fcller, Sebastian Nakajew, Krunoslav \u0160ebrek<\/p>\n<p><a href=\"http:\/\/www.kunstfest-weimar.de\/programm-2017\/?tx_jokunstfest17_pi5%5BjoDetailView%5D=1&#038;tx_jokunstfest17_pi5%5BjoDetailUid%5D=3&#038;tx_jokunstfest17_pi5%5BjoDateUid%5D=&#038;tx_jokunstfest17_pi5%5BjoModeOverride%5D=1&#038;tx_jokunstfest17_pi5%5Bcontroller%5D=Elements&#038;cHash=f6499acb6adfdb8db999448138233fef\">Projektbeschreibung Kunstfest Weimar<\/a><br \/>\n<a href=\"https:\/\/www.nationaltheater-mannheim.de\/de\/stueck_details.php?SID=3141\">Projektbeschreibung Schillertage<\/a><\/p>\n<p>&nbsp;<\/p>\n<p><iframe loading=\"lazy\" width=\"800\" height=\"450\" src=\"https:\/\/www.youtube.com\/embed\/L28Y7Y4wGZA?feature=oembed\" frameborder=\"0\" allow=\"autoplay; encrypted-media\" allowfullscreen><\/iframe><\/p>\n<p>&nbsp;<\/p>\n","protected":false},"excerpt":{"rendered":"<p>Auf den\u00a0Schillertagen 2017 in Mannheim und dem\u00a0Kunstfest Weimar\u00a0zeigten wir unsere Produktion &#8218;Der Geisterseher&#8216; nach Friedrich Schiller. Ein voller Erfolg mit \u00fcber 450 Zuschauern. Regie: Branko Janack B\u00fchne\/Kost\u00fcm: Klara Mand Dramaturgie: &#8230;<\/p>\n","protected":false},"author":2,"featured_media":0,"parent":0,"menu_order":0,"comment_status":"closed","ping_status":"closed","template":"","meta":[],"_links":{"self":[{"href":"http:\/\/wp11159761.server-he.de\/vtheater\/wp-json\/wp\/v2\/pages\/370"}],"collection":[{"href":"http:\/\/wp11159761.server-he.de\/vtheater\/wp-json\/wp\/v2\/pages"}],"about":[{"href":"http:\/\/wp11159761.server-he.de\/vtheater\/wp-json\/wp\/v2\/types\/page"}],"author":[{"embeddable":true,"href":"http:\/\/wp11159761.server-he.de\/vtheater\/wp-json\/wp\/v2\/users\/2"}],"replies":[{"embeddable":true,"href":"http:\/\/wp11159761.server-he.de\/vtheater\/wp-json\/wp\/v2\/comments?post=370"}],"version-history":[{"count":11,"href":"http:\/\/wp11159761.server-he.de\/vtheater\/wp-json\/wp\/v2\/pages\/370\/revisions"}],"predecessor-version":[{"id":422,"href":"http:\/\/wp11159761.server-he.de\/vtheater\/wp-json\/wp\/v2\/pages\/370\/revisions\/422"}],"wp:attachment":[{"href":"http:\/\/wp11159761.server-he.de\/vtheater\/wp-json\/wp\/v2\/media?parent=370"}],"curies":[{"name":"wp","href":"https:\/\/api.w.org\/{rel}","templated":true}]}}