{"id":488,"date":"2018-11-15T09:59:18","date_gmt":"2018-11-15T08:59:18","guid":{"rendered":"http:\/\/wp11159761.server-he.de\/vtheater\/?page_id=488"},"modified":"2018-11-15T10:00:17","modified_gmt":"2018-11-15T09:00:17","slug":"der-goldne-topf","status":"publish","type":"page","link":"http:\/\/wp11159761.server-he.de\/vtheater\/de\/der-goldne-topf\/","title":{"rendered":"Der Goldne Topf"},"content":{"rendered":"<p>Der Goldne Topf, nach E.T.A. Hoffmann<br \/>\nTheater-Inszenierung mit Live-B\u00fchnen-VR und interaktiver VR-Experience f\u00fcr Besucher<\/p>\n<p><iframe loading=\"lazy\" title=\"Goldner Topf Baden-Baden aus den Proben\" width=\"800\" height=\"450\" src=\"https:\/\/www.youtube.com\/embed\/KbENflHXkmk?feature=oembed\" frameborder=\"0\" allow=\"accelerometer; autoplay; clipboard-write; encrypted-media; gyroscope; picture-in-picture; web-share\" referrerpolicy=\"strict-origin-when-cross-origin\" allowfullscreen><\/iframe><\/p>\n<p>Inszenierung: Nicola May, CyberR\u00e4uber<br \/>\nB\u00fchne, Video: Sebastian Ganz<br \/>\nKost\u00fcme: Frederike Marsha Coors<br \/>\nMusik: Hans-Georg Wilhelm<br \/>\nmit: Sebastian Brummer, Catharina Kottmeier, Michael Laricchia, Patrick Schadenberg, Maria Thomas<\/p>\n<p>https:\/\/theater.baden-baden.de\/stuecke\/tik\/der-goldne-topf\/<\/p>\n","protected":false},"excerpt":{"rendered":"<p>Der Goldne Topf, nach E.T.A. Hoffmann Theater-Inszenierung mit Live-B\u00fchnen-VR und interaktiver VR-Experience f\u00fcr Besucher Inszenierung: Nicola May, CyberR\u00e4uber B\u00fchne, Video: Sebastian Ganz Kost\u00fcme: Frederike Marsha Coors Musik: Hans-Georg Wilhelm mit: &#8230;<\/p>\n","protected":false},"author":2,"featured_media":0,"parent":0,"menu_order":0,"comment_status":"closed","ping_status":"closed","template":"","meta":[],"_links":{"self":[{"href":"http:\/\/wp11159761.server-he.de\/vtheater\/wp-json\/wp\/v2\/pages\/488"}],"collection":[{"href":"http:\/\/wp11159761.server-he.de\/vtheater\/wp-json\/wp\/v2\/pages"}],"about":[{"href":"http:\/\/wp11159761.server-he.de\/vtheater\/wp-json\/wp\/v2\/types\/page"}],"author":[{"embeddable":true,"href":"http:\/\/wp11159761.server-he.de\/vtheater\/wp-json\/wp\/v2\/users\/2"}],"replies":[{"embeddable":true,"href":"http:\/\/wp11159761.server-he.de\/vtheater\/wp-json\/wp\/v2\/comments?post=488"}],"version-history":[{"count":3,"href":"http:\/\/wp11159761.server-he.de\/vtheater\/wp-json\/wp\/v2\/pages\/488\/revisions"}],"predecessor-version":[{"id":493,"href":"http:\/\/wp11159761.server-he.de\/vtheater\/wp-json\/wp\/v2\/pages\/488\/revisions\/493"}],"wp:attachment":[{"href":"http:\/\/wp11159761.server-he.de\/vtheater\/wp-json\/wp\/v2\/media?parent=488"}],"curies":[{"name":"wp","href":"https:\/\/api.w.org\/{rel}","templated":true}]}}