{"id":681,"date":"2020-06-27T15:21:27","date_gmt":"2020-06-27T13:21:27","guid":{"rendered":"http:\/\/wp11159761.server-he.de\/vtheater\/?page_id=681"},"modified":"2020-06-28T14:12:40","modified_gmt":"2020-06-28T12:12:40","slug":"radarost-digital","status":"publish","type":"page","link":"http:\/\/wp11159761.server-he.de\/vtheater\/de\/radarost-digital\/","title":{"rendered":"radarost.digital"},"content":{"rendered":"<p><strong>radarost.digital<\/strong><\/p>\n<p>Radar Ost, das Festival f\u00fcr Osteurop\u00e4isches und Russisches Theater am Deutschen Theater Berlin findet im Juni 2020 Corona-bedingt digital statt. Die Aufgabe an uns: ein Theaterfestival hat seine Zeit und seinen Ort. Wie verorten wir es im Digitalen?<\/p>\n<p>Als ausgewiesene Experten f\u00fcr Theater und Digitales gestalten wir die radarost.digital-Website so, dass die k\u00fcnstlerischen Inhalte aus Polen, der Ukraine, Georgien, Tschechien und Russland eine angemessene Heimat finden: das digitale Deutsche Theater.<\/p>\n<p><iframe loading=\"lazy\" width=\"800\" height=\"450\" src=\"https:\/\/www.youtube.com\/embed\/Jg7ie0aTIWA?feature=oembed\" frameborder=\"0\" allow=\"accelerometer; autoplay; encrypted-media; gyroscope; picture-in-picture\" allowfullscreen><\/iframe><br \/>\nN\u00e4here Infos: <a href=\"https:\/\/radarost.digital\">radarost.digital<\/a><\/p>\n<p><strong>Pressestimmen:<\/strong><br \/>\nDeutschlandfunk Kultur<br \/>\nPeter Claus, 19.06.2020<br \/>\n&#8222;Ich war vollkommen verbl\u00fcfft, es funktioniert. [&#8230;] Sehr feinsinnig, sehr klug<br \/>\n[&#8230;]<br \/>\nMan ist mittendrin, wird reingezogen&#8230;&#8220;<br \/>\n<a href=\"https:\/\/www.ardaudiothek.de\/fazit-kultur-vom-tage\/blick-nach-osten-per-livestream-theaterfestival-radar-ost-am-dt-berlin\/76910882\">Link<\/a><\/p>\n<p>rbbKultur<br \/>\nBarbara Behrendt, 20.06.2020<br \/>\n&#8222;Ich muss sagen, dass ich in der Corona-Zeit kein digitales Festival erlebt habe, das den realen und virtuellen Raum so gut zu verkn\u00fcpfen wei\u00df und gerade durch die&#8230;<br \/>\n<a href=\"https:\/\/www.rbb-online.de\/rbbkultur\/themen\/theater\/rezensionen\/2020\/06\/Festival-Radar-Ost-digital.html\">Link<\/a><\/p>\n<p>Berliner Zeitung<br \/>\nDoris Meierhenrich, 21.06.2020<br \/>\n&#8222;Getrieben von den coronabedingten Spielverboten hat sich das DT kurzerhand von den versierten CyberR\u00e4ubern eine Benutzeroberfl\u00e4che bauen lassen. Durch diese konnte man in jeder Hinsicht sorglos in die k\u00fcnstlich nachgezeichnete Virtualarchitektur des DT eintreten, sie vom Keller \u00fcber die Schauspielergarderoben bis zum Rangfoyer durchstreifen und dort nach abgelegten Livestreams und Theatervideos suchen. Ein Meisterwerk von digitalem Schmuckk\u00e4stchen ist es tats\u00e4chlich geworden, in dem das so menschen- wie tr\u00e4nenreiche, schrille Tirana-Video nun doppelt schockiert, weil es in seiner drastischen Verletzlichkeit und dem Verlust des dortigen Hauses pl\u00f6tzlich den gr\u00f6\u00dftm\u00f6glichen Kontrast bildet zu der perfekt abgedichteten, unverletzlich scheinenden, vor allem menschenlosen Luxusoberfl\u00e4che des gef\u00e4lligen Neu-DT. Was ist uns eigentlich noch Theater in dieser aseptischen \u00dcberh\u00fclle? Das fragt man sich sch\u00e4rfer denn je durch die Pixel.&#8220;<br \/>\n<a href=\"https:\/\/www.berliner-zeitung.de\/kultur-vergnuegen\/radar-ost-im-deutschen-theater-kirill-serebrennikow-li.87474\">Link<\/a><\/p>\n<p>nachtkritik.de<br \/>\nMartin Pesl, 21.06.2020<br \/>\n&#8222;Die von\u00a0den CyberR\u00e4ubern gestaltete 360-Grad-Aufnahme von Vorplatz, Foyers, Spielst\u00e4tten, Bar, Garderoben, ja sogar Unterb\u00fchne und Keller des Deutschen Theaters ist ein bemerkenswert aufw\u00e4ndiges Unterfangen, das vor allem den Eindruck eines dichten Programms &#8222;im ganzen Haus&#8220; erwecken soll, wie man es von manchen analogen Festivals kennt. Ohne technische Vorkenntnisse kann man sich mit Smartphone, Tablet oder PC intuitiv in allen Richtungen umsehen. Anklickbare gelbe Pfeile erm\u00f6glichen den Schritt in den Nebenraum, kleine Play-Buttons lassen Videok\u00e4stchen aufpoppen.&#8220;<br \/>\n<a href=\"https:\/\/nachtkritik.de\/index.php?option=com_content&amp;view=article&amp;id=18299:radar-ost-digital-deutsches-theater-berlin&amp;catid=38&amp;Itemid=40\">Link<\/a><\/p>\n<p>rbb24<br \/>\nFlorian Wallmeier, 22.06.2020<br \/>\n&#8222;Doch das\u00a0Digitaltheater-Duo Cyber-R\u00e4uber\u00a0hat f\u00fcr das Osteuropa-Festival &#8222;Radar Ost&#8220; das DT virtuell nachgebaut. So steht man nun im Spiegelfoyer, klickt sich weiter in die Kammerspiele, hoch in die R\u00e4nge, aber etwa auch in die Garderoben und in den Keller.<\/p>\n<p>Die virtuellen R\u00e4ume sind keine fotorealistischen Abbildungen der echten, sondern mit grobem, rundem Strich weichgezeichnete Filter-Versionen. Ein Gef\u00fchl des fast, aber eben nicht ganz Vertrauten stellt sich ein. In diesen virtuellen R\u00e4umen sind die Streams abrufbar &#8211; manche nur live zu bestimmten Zeiten, andere das ganze Wochenende \u00fcber.&#8220;<br \/>\n<a href=\"https:\/\/www.rbb24.de\/kultur\/beitrag\/2020\/06\/theaterkritik-deutsches-theater-berlin-radar-ost-online.html\">Link<\/a><\/p>\n<p>Frankfurter Allgemeine Zeitung<br \/>\nKevin Hanschke, 26.06.2020<br \/>\n&#8222;F\u00fcr das Deutsche Theater hat das Designkollektiv Cyber-R\u00e4uber das Haus in eine digitale Graphic-Novel \u00fcbertragen, durch die der Besucher online flanieren kann. B\u00fchnen aus&#8230;&#8220;<br \/>\n<a href=\"https:\/\/www.faz.net\/aktuell\/feuilleton\/buehne-und-konzert\/theater-osteuropas-berliner-festivals-postwest-radar-ost-16832657.html\">Link<\/a><\/p>\n<p>tip Berlin<br \/>\nFriedhelm Teicke<br \/>\n\u201eAlles ist mit PC, Tablet oder Smartphone und Browsermitteln zu bedienen \u2013 also mit der Technologie, die die Leute sowieso bereits haben\u201c, sagt der Medienk\u00fcnstler Bj\u00f6rn\u00a0Lengers\u00a0von Digitaltheaterkollektiv\u00a0CyberR\u00e4uber, die ma\u00dfgeblich dabei geholfen haben das ganze Theater in den virtuellen Raum zu\u00a0verlegen. &#8230; \u201eEs muss eine Verbindlichkeit und eine r\u00e4umliche Komponente haben, eine Verortung. Wir m\u00f6chten R\u00e4ume der Begegnung schaffen.\u201c<\/p>\n<p>Und so betritt der Zuschauer\u00a0also\u00a0wie auch im wirklichen Leben das\u00a0Theater\u00a0vom Vorplatz aus und kann sich dann darin wie auf einem Parcours durch die R\u00e4ume\u00a0bewegen, in die er durch Anklicken gelangt.\u00a0Dabei\u00a0kommt er auch an Orte, die gew\u00f6hnlich f\u00fcrs Publikum verschlossen sind:\u00a0die\u00a0Maske\u00a0etwa,\u00a0Schauspielergarderoben,\u00a0den\u00a0K\u00fchlraum der Kantine, sogar\u00a0ins\u00a0Intendantenb\u00fcro\u00a0kann er sich begeben.<br \/>\n<a href=\"https:\/\/www.tip-berlin.de\/radar-ost-digital-praesentiert-digitale-adaptionen-der-eingeladenen-gastspiele\/\">Link<\/a><\/p>\n","protected":false},"excerpt":{"rendered":"<p>radarost.digital Radar Ost, das Festival f\u00fcr Osteurop\u00e4isches und Russisches Theater am Deutschen Theater Berlin findet im Juni 2020 Corona-bedingt digital statt. Die Aufgabe an uns: ein Theaterfestival hat seine Zeit &#8230;<\/p>\n","protected":false},"author":2,"featured_media":0,"parent":0,"menu_order":0,"comment_status":"closed","ping_status":"closed","template":"","meta":[],"_links":{"self":[{"href":"http:\/\/wp11159761.server-he.de\/vtheater\/wp-json\/wp\/v2\/pages\/681"}],"collection":[{"href":"http:\/\/wp11159761.server-he.de\/vtheater\/wp-json\/wp\/v2\/pages"}],"about":[{"href":"http:\/\/wp11159761.server-he.de\/vtheater\/wp-json\/wp\/v2\/types\/page"}],"author":[{"embeddable":true,"href":"http:\/\/wp11159761.server-he.de\/vtheater\/wp-json\/wp\/v2\/users\/2"}],"replies":[{"embeddable":true,"href":"http:\/\/wp11159761.server-he.de\/vtheater\/wp-json\/wp\/v2\/comments?post=681"}],"version-history":[{"count":6,"href":"http:\/\/wp11159761.server-he.de\/vtheater\/wp-json\/wp\/v2\/pages\/681\/revisions"}],"predecessor-version":[{"id":693,"href":"http:\/\/wp11159761.server-he.de\/vtheater\/wp-json\/wp\/v2\/pages\/681\/revisions\/693"}],"wp:attachment":[{"href":"http:\/\/wp11159761.server-he.de\/vtheater\/wp-json\/wp\/v2\/media?parent=681"}],"curies":[{"name":"wp","href":"https:\/\/api.w.org\/{rel}","templated":true}]}}