{"id":9,"date":"2016-12-19T09:00:12","date_gmt":"2016-12-19T08:00:12","guid":{"rendered":"http:\/\/wp11159761.server-he.de\/vtheater\/?page_id=9"},"modified":"2017-01-12T09:48:46","modified_gmt":"2017-01-12T08:48:46","slug":"360-film","status":"publish","type":"page","link":"http:\/\/wp11159761.server-he.de\/vtheater\/de\/360-film\/","title":{"rendered":"360\u00b0 Film"},"content":{"rendered":"<blockquote class=\"ricoh-theta-spherical-image\" data-width=\"1200\" data-height=\"375\"><p>Die Borderline Prozession, Schauspiel Dortmund Dreharbeiten 360\u00b0 Aufnahmen f\u00fcr VR-Experience, November 2016 &#8211; <a href=\"https:\/\/theta360.com\/s\/iHFpHH9yZmura9MClzYpPKIiG\" target=\"_blank\">Spherical Image &#8211; RICOH THETA<\/a><\/p><\/blockquote>\n<p><script async src=\"https:\/\/theta360.com\/widgets.js\" charset=\"utf-8\"><\/script><\/p>\n<blockquote class=\"ricoh-theta-spherical-image\" data-width=\"1200\" data-height=\"375\"><p>Die Borderline Prozession, Schauspiel Dortmund, November 2016 K\u00fcchenszene II Dreharbeiten zu 360\u00b0-Film, VR-Experience &#8211; <a href=\"https:\/\/theta360.com\/s\/frH36xNmnR9xBK0a0ZyEsx7Tc\" target=\"_blank\">Spherical Image &#8211; RICOH THETA<\/a><\/p><\/blockquote>\n<p><script async src=\"https:\/\/theta360.com\/widgets.js\" charset=\"utf-8\"><\/script><\/p>\n<blockquote class=\"ricoh-theta-spherical-image\" data-width=\"1200\" data-height=\"375\"><p>Die Borderline Prozession, Schauspiel Dortmund, November 2016 Das Ende Dreharbeiten f\u00fcr 360\u00b0-Video, VR-Experience &#8211; <a href=\"https:\/\/theta360.com\/s\/pAsHyhBfvp5o7h3vxbQ8B1zua\" target=\"_blank\">Spherical Image &#8211; RICOH THETA<\/a><\/p><\/blockquote>\n<p><script async src=\"https:\/\/theta360.com\/widgets.js\" charset=\"utf-8\"><\/script><\/p>\n<p>Entgegen hartn\u00e4ckiger Ger\u00fcchte ist ein 360\u00b0 Film noch keine virtuelle Realit\u00e4t: Man kann nicht interagieren, h\u00f6chstens die Blickrichtung \u00e4ndern und wird vom Filmemacher lediglich mit auf seine Reise genommen, wie in der Achter- oder Geisterbahn.<\/p>\n<p>Dennoch k\u00f6nnen 360\u00b0 Inhalte ein VR-Erlebnis sinnvoll erg\u00e4nzen.<\/p>\n<p>F\u00fcr unser Projekt in Dortmund haben wir 360\u00b0 und 180\u00b0-Filmmaterial aufgenommen, das dann Teil einer VR-Installation werden kann.<\/p>\n<p>Und nat\u00fcrlich k\u00f6nnen auch &#8218;echte&#8216; VR-Erlebnisse zu 360\u00b0-Filmen gerendert und so dann auf Google-Cardboard oder GearVR angesehen werden.<\/p>\n<p><img decoding=\"async\" loading=\"lazy\" class=\"aligncenter wp-image-10 size-large\" src=\"http:\/\/wp11159761.server-he.de\/vtheater\/wp-content\/uploads\/2016\/12\/20161108_140936klein-1024x576.jpg\" width=\"1200\" height=\"674\" srcset=\"http:\/\/wp11159761.server-he.de\/vtheater\/wp-content\/uploads\/2016\/12\/20161108_140936klein-1024x576.jpg 1024w, http:\/\/wp11159761.server-he.de\/vtheater\/wp-content\/uploads\/2016\/12\/20161108_140936klein-300x169.jpg 300w, http:\/\/wp11159761.server-he.de\/vtheater\/wp-content\/uploads\/2016\/12\/20161108_140936klein-768x432.jpg 768w\" sizes=\"(max-width: 1200px) 100vw, 1200px\" \/><\/p>\n<p>&nbsp;<\/p>\n","protected":false},"excerpt":{"rendered":"<p>Die Borderline Prozession, Schauspiel Dortmund Dreharbeiten 360\u00b0 Aufnahmen f\u00fcr VR-Experience, November 2016 &#8211; Spherical Image &#8211; RICOH THETA Die Borderline Prozession, Schauspiel Dortmund, November 2016 K\u00fcchenszene II Dreharbeiten zu 360\u00b0-Film, &#8230;<\/p>\n","protected":false},"author":2,"featured_media":10,"parent":0,"menu_order":0,"comment_status":"closed","ping_status":"closed","template":"","meta":[],"_links":{"self":[{"href":"http:\/\/wp11159761.server-he.de\/vtheater\/wp-json\/wp\/v2\/pages\/9"}],"collection":[{"href":"http:\/\/wp11159761.server-he.de\/vtheater\/wp-json\/wp\/v2\/pages"}],"about":[{"href":"http:\/\/wp11159761.server-he.de\/vtheater\/wp-json\/wp\/v2\/types\/page"}],"author":[{"embeddable":true,"href":"http:\/\/wp11159761.server-he.de\/vtheater\/wp-json\/wp\/v2\/users\/2"}],"replies":[{"embeddable":true,"href":"http:\/\/wp11159761.server-he.de\/vtheater\/wp-json\/wp\/v2\/comments?post=9"}],"version-history":[{"count":5,"href":"http:\/\/wp11159761.server-he.de\/vtheater\/wp-json\/wp\/v2\/pages\/9\/revisions"}],"predecessor-version":[{"id":287,"href":"http:\/\/wp11159761.server-he.de\/vtheater\/wp-json\/wp\/v2\/pages\/9\/revisions\/287"}],"wp:featuredmedia":[{"embeddable":true,"href":"http:\/\/wp11159761.server-he.de\/vtheater\/wp-json\/wp\/v2\/media\/10"}],"wp:attachment":[{"href":"http:\/\/wp11159761.server-he.de\/vtheater\/wp-json\/wp\/v2\/media?parent=9"}],"curies":[{"name":"wp","href":"https:\/\/api.w.org\/{rel}","templated":true}]}}